590 - 1086 = -3*p. Suppose -v + p = 3*v. Is v a composite number?
False
Suppose 2*u = z, 5*z - 5*u - 3 = z. Suppose -z*n - l + 152 = 0, 7*l = 2*l + 20. Is n composite?
True
Suppose 1059 + 4831 = -2*b. Let f = 4426 + b. Is f a prime number?
True
Is (-21 - 30)*(-211)/3 a prime number?
False
Suppose -3 = z - 8. Suppose -199 = -z*w + 156. Is w a composite number?
False
Let z = -29 - -118. Suppose -3*f + 307 = -5*r, -2*f + z = -f + r. Is f a prime number?
False
Let b be (7/14)/((-3)/36). Let d(i) = -92*i - 11. Is d(b) a prime number?
True
Suppose 166117 = -9595*s + 9602*s. Is s a composite number?
True
Let c(g) = 99*g**2 + g - 12. Is c(-2) composite?
True
Suppose 4*h - 5*o = -2034, 2*h + o + 992 + 32 = 0. Let k = h + 1646. Is k a composite number?
True
Let d(u) = -3*u**2 + 8*u + 4. Let f be d(3). Is 3 - 3 - (-2 + f + -96) a composite number?
False
Let d be (-850)/35 - 2/(-7). Let v be (8 - -2)*d/(-5). Let c = v - -71. Is c prime?
False
Let h = -20 - -23. Is 4/12*4707/h a composite number?
False
Let j be 78 + (-6)/(4 + -1). Let f = j - 65. Is f composite?
False
Let d be (5 - 2)/(3/400). Suppose -5*a = -5*p + 1320, 5*a + 142 - d = -p. Is p prime?
True
Suppose -4*m + 5*p + 76556 = 0, 2*m - 19691 = 4*p + 18587. Is m a composite number?
False
Let l = 118 - 122. Is l/7 - (2 + 53205/(-21)) composite?
False
Suppose 4*b - 17 - 3 = 0. Let f(i) = -i + 5. Let r be f(-10). Is (-212)/(-3) + b/r a prime number?
True
Let u = 14 + -8. Let n(y) = 14*y**2 + 21*y**2 - 8*y**2 - 2*y**2 - u*y. Is n(-5) a composite number?
True
Let a = 46 - 40. Is 21/a*62/1 prime?
False
Suppose 3*q = 872 - 71. Let r(z) = -2*z**2 - 23*z - 51. Let j be r(-6). Is q/2 + j/30 composite?
True
Let w = 11 + -11. Suppose w = -6*r + 5099 - 53. Is r composite?
True
Suppose -d = 4*x - 19, -26 = -5*x - d - 3. Let n be ((-4)/2)/(x/10). Let b(z) = -25*z - 4. Is b(n) prime?
False
Let v = 397 - -3. Let p = -273 + v. Is p composite?
False
Let r(k) be the second derivative of -k**4/12 + k**3/2 + k**2 - 3*k. Let s be r(-10). Is (4 - 3)*(-1 - s) a prime number?
True
Let g = -653 - -1275. Is g a prime number?
False
Let h(q) be the third derivative of 107*q**6/20 - q**5/30 + q**4/24 + 2*q**2. Let v be (1/3)/((-2)/(-6)). Is h(v) prime?
True
Let l(q) = -5*q**3 - 35*q**2 + 40*q - 109. Let a(z) = -z**3 - 9*z**2 + 10*z - 27. Let p(r) = -9*a(r) + 2*l(r). Is p(10) a composite number?
True
Let u(v) = -3851*v + 10. Let t be u(-4). Suppose a - t = -5*a. Is a prime?
False
Let p(t) be the second derivative of 31*t**5/20 - t**4/3 + t**3/3 + t**2/2 - 53*t. Suppose 2*u - 4 = -3*n, -2*n + 0 = -u + 2. Is p(u) a prime number?
False
Let n be (-18926)/(-10) - 9/15. Suppose 545 = p - n. Is p a composite number?
False
Let d be 1 - 0 - 12/3. Suppose -2 - 6 = 2*o - i, -o = i + 10. Is (d/o)/(3/786) prime?
True
Suppose -4*l + 2*s + 1559 = -2075, -3*l + 2724 = -3*s. Suppose 0 = 2*a - y - 913, 6*y = 2*a + y - l. Is a a composite number?
False
Let y(v) = -v**3 + v**2 - v. Let w be y(1). Let g be 2/((-22)/(-20) + w). Suppose 4*p = -g, k - 595 = -3*k - 5*p. Is k composite?
True
Suppose 37*f - 51*f + 339346 = 0. Is f composite?
False
Is 6/10*(-7439075)/(-105) prime?
True
Let n be (3*-2)/2 - -5. Let a be 2/(5/((-2315)/n)). Let f = a - -712. Is f a prime number?
False
Suppose -2*y = 3*w - 26661, 2*w - y - 8173 = 9594. Suppose -3*i = -8*i + w. Is i a composite number?
False
Is (-1)/4*(-4594 - 10) prime?
True
Suppose 5*z + 6 = -u - 3, 0 = 5*u - 2*z - 36. Suppose 8 - u = l. Suppose -l*v + 102 = 16. Is v composite?
False
Let f = -1059 + 3632. Is f a composite number?
True
Let u be 60/21 - (-6)/42. Suppose u*d = -3*i + 585, -4*d - 432 = -i - 1187. Let z = d + -59. Is z a composite number?
False
Let g = -15539 - -28550. Is g prime?
False
Is ((-635)/10)/((6/84)/(-1)) prime?
False
Let h = 117 - -1244. Is h a prime number?
True
Let b = -20146 - -36105. Is b a composite number?
False
Let x = 3 + -1. Suppose -519 = -x*t - u, 2*u = -4*t - u + 1039. Let j = -170 + t. Is j composite?
False
Suppose -3*l - 2*l - u + 7 = 0, 4*l - 4*u = 20. Suppose 0 = -l*k + 3*k - 3*t - 416, -4*k = 3*t - 1589. Is k prime?
True
Let c(j) = j**3 - 5*j**2. Let q be c(5). Suppose -5*z + 7020 = -10*y + 5*y, q = 4*z - 2*y - 5626. Is z prime?
True
Let m be (66/(-8))/((-3)/240). Suppose -1371 - m = -3*v. Is v composite?
False
Is (1091365/(-40))/(-11)*8 a prime number?
True
Let x = 63 + -58. Is x/((-20)/(-7652)) - (-3 - -1) a prime number?
False
Let j = 2 - -2. Let t = 33 + -33. Suppose t = -j*u + 577 + 643. Is u composite?
True
Suppose -2*h + 18 = 4*s, 4*s - 12 = -4*h + 8. Suppose -s*d + 3587 = 3*t + 1036, 3*t = 3*d - 1887. Is d a prime number?
False
Is (1 - 3)*4/(8/(-23357)) a prime number?
True
Let q = -4 - -7. Let l = q + -6. Is 36 - (-3 + l + 5) a composite number?
False
Let q(c) = -85*c**3 + 4*c + 9. Is q(-2) composite?
True
Let h(b) = b**2 + 2*b + 2. Let z be h(-3). Suppose -308 = k - z*k. Is k a composite number?
True
Let z(w) = -577*w - 6. Let l be 4/8*-2*(2 - 1). Is z(l) prime?
True
Suppose -i + 10527 + 6556 = -5*x, 2*i = -2*x + 34190. Is i prime?
True
Let f be ((-2)/3 - 0)*-699. Let a be 6/(-20) - (-1320)/400. Suppose -f = -a*h - 73. Is h a composite number?
False
Let o(s) be the first derivative of s**2 + 14*s + 11. Let a be o(-9). Is (-5)/20 - 89/a a prime number?
False
Let j = 1553 - 472. Is j a prime number?
False
Suppose g + 0*g - 36 = 0. Is ((-9351)/g)/(1 + (-10)/8) composite?
False
Let m(k) = k - 3. Let h be m(3). Suppose 0 = -h*s + 4*s + 12. Is 11*8/(-12)*s prime?
False
Suppose 0 = 3*h + 3*u - 2*u + 10, 2*u = 5*h + 13. Let c be -1*h/(-3) + 743. Suppose 0 = 2*b + 2*l - c, 4*b = 2*l + 1199 + 297. Is b prime?
True
Let b be (3/9)/((-1)/(-12)). Suppose -5*o = 15, b*z - 1107 + 91 = 4*o. Is z a prime number?
True
Suppose -7*z + 114936 = 22333. Is z a prime number?
True
Let a(t) = 2*t**2 - 4*t + 75. Is a(-36) composite?
True
Is (2 - (0 - -4))/((-10)/8115) composite?
True
Let s = -419 + 800. Suppose -3*o + 498 = -s. Is o a composite number?
False
Let d = 7565 - 4936. Is d a composite number?
True
Suppose -26*t = -9758 - 4308. Is t prime?
True
Let c = 1342 - -47. Is c composite?
True
Let r(i) = 4*i**2 - i + 12. Let n be r(-5). Let q = n + -64. Is q composite?
False
Suppose 2*l - 4 = 3*a, -3*a + 2*a = 2*l + 4. Is ((-2075)/(-10))/((-1)/a) prime?
False
Let z = -75574 - -121221. Is z prime?
False
Let x = -29 - -32. Suppose x*v + z - 4217 = -v, 0 = -2*z - 6. Is v prime?
False
Let t(i) = i**2 + 2*i - 2. Let o be t(2). Let g(s) = -s**3 + s**2 + s - 1. Let n(p) = 5*p**3 - p**2 + 7. Let w(h) = o*g(h) + n(h). Is w(-3) prime?
False
Let k(s) = -3*s**3 - 13*s**2 - 18*s + 13. Let x(v) = v**3 + 4*v**2 + 6*v - 4. Let p(w) = -4*k(w) - 11*x(w). Let o be p(-7). Is 3 - (o*21 + 3) composite?
True
Let g(x) = 5*x**2 + 1. Let s be g(-1). Suppose -s*p + 3044 = -4*p. Is p a prime number?
False
Suppose -10*z + 56 + 3314 = 0. Is z composite?
False
Suppose -18 = -z + 5*t, -2*t - 6 = -z - t. Suppose 4*h - 5*n - 31 = 0, -z*h - 2*h - 5*n + 5 = 0. Suppose -5*x + 93 = h*i - 8, -5 = -x. Is i a composite number?
False
Suppose 233 = u - 4*i + 2*i, -3*u - 5*i = -699. Let g = 21 + u. Is g/4*(-11 - -13) a prime number?
True
Let r(k) = 7*k**2 - 2*k + 6. Let o be r(2). Let j = o - 15. Is j a prime number?
False
Suppose 5*j + 3951 = -2*r, -4*j - 3*r - 3158 = -0*r. Let b = -270 - j. Is b a prime number?
True
Is (-8)/76 + 5070550/190 composite?
False
Suppose 4*h - 3*s = -5*s + 42, -4*s = -h + 15. Suppose 1 = 3*d - h, -5*d + 53 = 3*q. Is q composite?
False
Let v = -11 + 25. Let k be v + (1 - 1) + 1. Is (k - 0)*(-161)/(-21) a prime number?
False
Let a(s) = 2741*s - 61. Is a(4) a composite number?
False
Suppose -5*j + 7 = -18. Suppose 4*i = j*d - 6, 3*i - i = 2. Suppose -5*v + d*v + 231 = 0. Is v a prime number?
False
Is (2779/14)/(3/6) a composite number?
False
Let m be (45/(-4) - -2)*-4. Let c be (-2 - 1)*(-2 + m). Let q = -74 - c. Is q a prime number?
True
Let d(a) be the second derivative of 30*a**3 - a**2 + 4*a. Is d(1) prime?
False
Suppose -5*w + 4 = -3*w. Suppose -4*x = -4*a + w*a + 666, -5*x + 988 = 3*a. Is a a composite number?
False
Let l(k) = -45*k**3 - 3*k**2 + 2. Let s be l(-2). Let r = s + 485. Is r prime?
False
Suppose -3*i + 2701 = -2*s - 3*s, -3*i - 3*s + 2661 = 0. Let j = -1669 - -2956. Let g = j - i. I